28*t + 312. What is f(-10)?
32
Let v(i) = -2*i**2 - 76*i - 18. Calculate v(-39).
-96
Let t(i) = -232*i + 10663. What is t(46)?
-9
Let g(j) = 20*j**2 - 1744*j + 351. Determine g(87).
3
Let j(q) = -q**3 + 13*q**2 - 3*q - 134. Determine j(8).
162
Let b(w) = -1964*w - 31444. Determine b(-16).
-20
Let v(c) = 78*c - 3339. Calculate v(43).
15
Let l(a) = -54*a - 384. Calculate l(-7).
-6
Let l(n) = -n**3 - 36*n**2 - 244*n - 5. What is l(-9)?
4
Let m(s) = -2958*s + 180447. Give m(61).
9
Let b(p) = 33*p**2 - 3035*p - 158. Determine b(92).
-66
Let w(q) = 5*q**3 - 305*q**2 - q + 65. Calculate w(61).
4
Let d(n) = -n**3 - 46*n**2 + 2171*n + 122. What is d(29)?
6
Let d(k) = k**3 + 22*k**2 + 41*k - 58. Give d(-8).
510
Let z(k) = 61*k - 1427. Give z(31).
464
Let b(j) = j**2 + 57*j + 534. Calculate b(-45).
-6
Let g(m) = -m**3 - 66*m**2 - 561*m - 54. Determine g(-56).
2
Let l(j) = -19*j - 69. Determine l(-7).
64
Let l(u) = -u**3 + 20*u**2 - 35*u - 4. Give l(2).
-2
Let r(j) = -2*j**2 - 13*j - 7. Calculate r(-7).
-14
Let f(j) = 33*j - 235. Determine f(6).
-37
Let q(f) = -1257*f + 5001. Give q(4).
-27
Let b(s) = 76*s - 66. What is b(0)?
-66
Let k(i) = -4*i**2 + 38*i + 324. Calculate k(15).
-6
Let f(y) = -23*y**2 - 15*y - 38. Determine f(-5).
-538
Let s(a) = -a**3 - 22*a**2 - 45*a + 211. Give s(-19).
-17
Let n(q) = -q**2 + 183*q - 8385. Give n(91).
-13
Let t(b) = 54*b**2 - 2481*b - 137. Determine t(46).
1
Let r(h) = -3*h**3 - 217*h**2 + 137*h - 278. Calculate r(-73).
379
Let d(n) = -7*n**3 + 78*n**2 + 16*n + 35. Determine d(11).
332
Let n(z) = -2*z**3 - 68*z**2 - 67*z - 20. Give n(-33).
13
Let x(u) = -u**2 - 153*u + 5708. Give x(-184).
4
Let l(o) = o**3 + 158*o**2 - 984*o - 13. Give l(-164).
-13
Let s(k) = 14*k - 517. What is s(53)?
225
Let c(p) = p - 57. Determine c(-7).
-64
Let l(w) = -2*w**3 + 34*w**2 + 336*w - 14. What is l(24)?
-14
Let o(k) = k**2 + 12*k - 17. Determine o(10).
203
Let p(o) = 2*o**3 + 20*o**2 + 32*o - 7. Calculate p(-8).
-7
Let s(q) = -50*q + 1455. Calculate s(31).
-95
Let f(y) = 2*y**3 + 8*y**2 + 27*y + 106. Determine f(-4).
-2
Let u(z) = z**3 + 2*z**2 - 51*z - 21. What is u(-8)?
3
Let w(m) = 4*m**2 + 47*m + 3. Determine w(-14).
129
Let p(i) = i**2 - 40*i - 103. What is p(15)?
-478
Let k(b) = -b**3 - 12*b**2 - 10*b - 42. What is k(-12)?
78
Let g(s) = 122*s + 718. Give g(-6).
-14
Let x(s) = s**2 - 69*s + 1128. What is x(35)?
-62
Let y(x) = -x**2 + 46*x + 3190. Calculate y(-38).
-2
Let t(m) = 31*m - 193. Determine t(6).
-7
Let h(f) = 35*f - 485. Determine h(14).
5
Let x(y) = 3*y**3 + 7*y**2 + 9*y + 25. What is x(-3)?
-20
Let d(z) = 38*z - 359. Give d(4).
-207
Let n(l) = l**2 - 13*l + 16. Calculate n(9).
-20
Let r(w) = 2*w**3 + 69*w**2 + 93*w - 191. What is r(-33)?
7
Let f(p) = 6*p**2 - 121*p + 633. Determine f(5).
178
Let c(u) = -168*u - 11578. Calculate c(-69).
14
Let b(z) = -z**3 - 9*z**2 + 2*z + 23. Determine b(-11).
243
Let d(a) = -2*a + 210. Determine d(8).
194
Let l(b) = 4*b**3 + 169*b**2 - 486*b + 408. Give l(-45).
3
Let f(l) = -2*l**2 + 30*l + 5. Determine f(13).
57
Let f(n) = -7*n**2 + 75*n - 151. Determine f(2).
-29
Let g(z) = -z**3 - 34*z**2 + 242*z + 9800. Calculate g(-32).
8
Let a(c) = c**3 - 22*c**2 + 84*c + 23. What is a(17)?
6
Let c(b) = 6*b**2 + 74*b - 367. Calculate c(-16).
-15
Let t(z) = -z**3 - 190*z**2 + 164*z - 5161. What is t(-191)?
-4
Let s(d) = 2*d**3 + 38*d**2 - 24*d + 317. Give s(-20).
-3
Let n(p) = -p**3 - 6*p**2 + 7*p + 2. Give n(-2).
-28
Let n(i) = i**3 - 36*i**2 + 204*i - 5. Determine n(7).
2
Let w(z) = z**2 - 16*z - 218. What is w(29)?
159
Let q(v) = -1704*v - 15307. Calculate q(-9).
29
Let t(z) = 147*z**2 - 24*z - 2. What is t(-1)?
169
Let t(j) = -2*j**3 - 93*j**2 - 129*j + 268. Give t(-45).
-2
Let f(r) = 2*r + 7. Determine f(-5).
-3
Let s(d) = -d**3 - 32*d**2 - 196*d - 564. Calculate s(-25).
-39
Let l(u) = -176*u + 3695. What is l(21)?
-1
Let i(j) = j**3 - j**2 - 16*j + 78. Determine i(0).
78
Let u(f) = -f**3 - 9*f**2 + 18*f - 53. Calculate u(-11).
-9
Let p(y) = y**3 - 12*y**2 - 302*y + 2028. What is p(6)?
0
Let d(c) = 42*c + 3408. Calculate d(-79).
90
Let n(s) = 27*s - 389. Determine n(9).
-146
Let n(d) = -d**3 + 18*d**2 + d - 116. Give n(17).
190
Let n(c) = 346*c + 23872. What is n(-69)?
-2
Let i(d) = d**3 - 21*d + 15. What is i(-5)?
-5
Let v(a) = -3*a**3 + 133*a**2 - 45*a + 53. Calculate v(44).
9
Let a(l) = -2*l**3 - 17*l**2 + 26*l + 176. What is a(-3)?
-1
Let r(i) = 239*i - 15061. Give r(63).
-4
Let h(t) = -t**2 + 109*t - 201. Calculate h(107).
13
Let w(i) = i**2 + 28*i + 32. Determine w(-27).
5
Let s(h) = -3*h**2 - 35*h + 499. Give s(-20).
-1
Let s(n) = -n**3 - 16*n**2 + 3*n - 5. What is s(-16)?
-53
Let d(m) = -92*m**3 - 7*m**2 + 14*m - 9. Calculate d(1).
-94
Let j(b) = 196*b - 186. Give j(1).
10
Let x(k) = k**3 - 12*k**2 + 33*k - 9. Calculate x(8).
-1
Let q(i) = 3*i**2 + 144*i + 1577. Determine q(-33).
92
Let t(j) = 2*j**3 - 6*j**2 - 107*j - 12. Calculate t(9).
-3
Let o(n) = 4*n**3 - 2*n**2 - 549*n + 551. Determine o(1).
4
Let g(o) = o**2 + 37*o + 35. Calculate g(-36).
-1
Let u(j) = -11*j**2 + 55*j - 56. Determine u(1).
-12
Let x(l) = -3*l**2 - 17*l + 107. Give x(-11).
-69
Let g(t) = -7*t + 120. Give g(34).
-118
Let o(w) = -w**3 - w**2 + 16*w + 5. What is o(5)?
-65
Let o(f) = 18*f + 179. Determine o(-20).
-181
Let u(q) = 10*q**2 - 64*q - 3. Give u(7).
39
Let s(h) = h**3 - 16*h**2 + 3*h - 56. Give s(16).
-8
Let u(b) = 4*b**2 + 33*b - 490. What is u(-16)?
6
Let z(k) = -k + 5. What is z(-11)?
16
Let n(k) = -180*k + 4519. Calculate n(25).
19
Let h(j) = j + 18. What is h(19)?
37
Let k(a) = -a**3 - 12*a**2 - a - 31. Determine k(-12).
-19
Let j(i) = 3*i**2 - 2*i - 28. What is j(-6)?
92
Let p(a) = -375*a - 23260. Calculate p(-62).
-10
Let y(r) = r**3 + 5*r**2 + 5*r + 3. What is y(-3)?
6
Let c(t) = 1547*t - 10832. Give c(7).
-3
Let f(p) = p**3 - 4*p**2 + 11*p - 14. Calculate f(2).
0
Let n(k) = 316*k + 6022. Give n(-19).
18
Let n(s) = -9*s**2 + 31*s + 217. Calculate n(-9).
-791
Let l(n) = 87*n**3 - 5*n**2 + 15*n - 10. Give l(1).
87
Let y(d) = -7*d**3 + 164*d**2 - 61*d + 8. Give y(23).
192
Let y(d) = 13*d**2 - 19*d - 1. Determine y(1).
-7
Let q(z) = 8*z**2 - 100*z + 303. Calculate q(6).
-9
Let a(j) = 156*j - 1563. What is a(10)?
-3
Let h(g) = 269*g + 275. Calculate h(-1).
6
Let y(c) = 937*c + 4692. Give y(-5).
7
Let w(a) = 12*a**2 - 28*a - 83. Determine w(-7).
701
Let w(x) = x**2 + 63*x + 468. Give w(-58).
178
Let l(b) = -15*b**2 - 34*b - 3. Determine l(-3).
-36
Let p(t) = -t**2 + 150*t + 1073. What is p(-7)?
-26
Let d(m) = m**3 + 16*m**2 - 33. What is d(-17)?
-322
Let j(l) = 8*l**2 + 13*l + 27. What is j(-5)?
162
Let g(c) = c**3 + 13*c**2 + 27*c + 51. Determine g(-11).
-4
Let r(o) = -o**3 + 15*o**2 + 124*o + 40. Determine r(21).
-2
Let m(k) = k**3 + 7*k**2 + 2*k - 27. Determine m(-6).
-3
Let v(q) = -q**2 - 3756*q + 445161. Give v(115).
-4
Let b(u) = 7886*u + 134077. Give b(-17).
15
Let i(f) = f**2 + 68*f + 535. What is i(-58)?
-45
Let z(s) = 21*s**2 + 14*s - 11. Calculate z(1).
24
Let y(n) = -n**3 - 24*n**2 - 128*n + 46. Determine y(-16).
46
Let g(c) = 154*c + 284. Determine g(2).
592
Let c(m) = -19*m - 829. Determine c(-43).
-12
Let s(u) = 2*u**2 + 117*u - 51. What is s(-59)?
8
Let v(p) = -p**3 - 75*p**2 + 2886*p - 49. What is v(28)?
7
Let q(p) = -11*p - 572. Determine q(-57).
55
Let w(t) = -t**2 - 383*t + 4748. Calculate w(12).
8
Let u(v) = v**3 - 254*v**2 - 1020*v - 3101. What is u(258)?
-5
Let r(q) = -88*q - 3098. What is r(-36)?
70
Let u(k) = k**2 - 55*k - 535. Determine u(-10).
115
Let z(y) = -8*y - 41. Give z(-24).
151
Let h(s) = -s**3 - 24*s**2 + s + 296. What is h(-21)?
-1048
Let r(w) = -193*w + 1551. Give r(8).
7
Let s(d) = -d**3 - 92*d**2 + 188*d + 11. What is s(-94)?
11
Let t(l) = -11*l - 254. Calculate t(-20).
-34
Let q(s) = -97*s + 292. What is q(3)?
1
Let h(u) = -78*u + 35. Give h(0).
35
Let m(g) = 3*g**2 + 6*g - 69. What is m(-6)?
3
Let g(a) = -a**3 + 13*a**2 + 16*a - 25. Determine g(14).
3
Let h(k) = -22*k + 283. What is h(13)?
-3
Let a(v) = -17*v**2 + 2*v - 3. Determine a(-3).
-162
Let t(h) = -9*h**3 - 856*h**2 - 95*h + 38. Give t(-95).
38
Let p(j) = -4*j**3 - 4*j**2 + 6*j + 7. Determine p(-2).
11
Let w(g) = 522*g + 21399. Determine w(-41).
-3
Let v(s) = 2*s**3 + 5*s**2 + 8*s + 6. Calculate v(-4